{"id":404,"date":"2026-04-05T19:29:52","date_gmt":"2026-04-05T19:29:52","guid":{"rendered":"https:\/\/www.wolnysinlimites.com\/?page_id=404"},"modified":"2026-04-08T21:11:29","modified_gmt":"2026-04-09T01:11:29","slug":"productos","status":"publish","type":"page","link":"https:\/\/www.wolnysinlimites.com\/index.php\/productos\/","title":{"rendered":"Productos"},"content":{"rendered":"\n<h1 class=\"wp-block-heading has-text-align-center text-info-wln display-4 block-heading pt-5\" style=\"font-size:3.5rem\">L\u00ednea de Caf\u00e9s Premium<\/h1>\n\n\n\n<div class=\"wp-block-group container is-vertical is-content-justification-left is-layout-flex wp-container-core-group-is-layout-c0ca7d81 wp-block-group-is-layout-flex\">\n<div class=\"wp-block-columns is-layout-flex wp-container-core-columns-is-layout-9d6595d7 wp-block-columns-is-layout-flex\">\n<div class=\"wp-block-column product-line-item mx-2 my-2 clean-pricing-item py-0 px-2 is-content-justification-center is-nowrap is-layout-flex wp-container-core-column-is-layout-079bfc22 wp-block-column-is-layout-flex\" style=\"flex-basis:33.33%\">\n<div class=\"wp-block-group heading product-heading is-content-justification-center is-nowrap is-layout-flex wp-container-core-group-is-layout-079bfc22 wp-block-group-is-layout-flex\">\n<h2 class=\"wp-block-heading fs-2\" style=\"font-style:normal;font-weight:400\">Tradicional Gourmet<\/h2>\n<\/div>\n\n\n\n<div class=\"is-style-default wp-swiper is-style-default\"><div class=\"wp-swiper__wrapper\"><div class=\"swiper-container swiper swiper-overflow-visible\" style=\"height:380px\" data-swiper=\"{&quot;slidesPerView&quot;:1,&quot;slidesPerGroup&quot;:1,&quot;slidesPerGroupAuto&quot;:false,&quot;slidesPerGroupSkip&quot;:0,&quot;navigation&quot;:true,&quot;pagination&quot;:{&quot;type&quot;:&quot;bullets&quot;},&quot;delay&quot;:3000,&quot;speed&quot;:380,&quot;loop&quot;:false,&quot;direction&quot;:&quot;horizontal&quot;,&quot;slidesOffsetBefore&quot;:0,&quot;slidesOffsetAfter&quot;:0,&quot;autoHeight&quot;:false,&quot;spaceBetween&quot;:0,&quot;releaseOnEdges&quot;:false,&quot;effect&quot;:&quot;slide&quot;}\"><div class=\"swiper-wrapper\">\n<div class=\"wp-swiper__slide swiper-slide\" data-tab=\"slide-1\" style=\"background-image:url(https:\/\/www.wolnysinlimites.com\/wp-content\/uploads\/2026\/04\/340gr-tradicional-web.png);background-size:cover;background-position:50% 50%\"><div class=\"wp-swiper__overlay-color\" style=\"background-color:rgba(0, 0, 0, 0)\"><\/div><div class=\"wp-swiper__slide-content\" style=\"max-width:22%\"><\/div><\/div>\n\n\n\n<div data-tab=\"slide-2\" class=\"wp-swiper__slide swiper-slide\" style=\"background-image:url(https:\/\/www.wolnysinlimites.com\/wp-content\/uploads\/2026\/04\/340gr-tradicional-web2.png);background-size:cover;background-position:50% 50%\"><div class=\"wp-swiper__overlay-color\" style=\"background-color:rgba(0, 0, 0, 0)\"><\/div><div class=\"wp-swiper__slide-content\" style=\"max-width:22%\"><\/div><\/div>\n<\/div><\/div><div class=\"wp_swiper__navigation\"><div class=\"wp_swiper__navigation-container\"><div class=\"swiper-button-prev \"><\/div><div class=\"swiper-button-next \"><\/div><\/div><\/div><div class=\"swiper-pagination\"><\/div><\/div><\/div>\n\n\n\n<div class=\"wp-block-group features mt-2 is-vertical is-content-justification-left is-layout-flex wp-container-core-group-is-layout-0d4b66b7 wp-block-group-is-layout-flex\">\n<h3 class=\"wp-block-heading has-medium-font-size\" style=\"font-style:normal;font-weight:400\"><strong>Origen:<\/strong> Chinchin\u00e1, Caldas<\/h3>\n\n\n\n<h3 class=\"wp-block-heading has-medium-font-size\" style=\"font-style:normal;font-weight:400\"><strong>Altura:<\/strong> 1,600 a 1,700 m.s.n.m.<\/h3>\n\n\n\n<h3 class=\"wp-block-heading has-medium-font-size\" style=\"font-style:normal;font-weight:400\"><strong>Notas:<\/strong> Panela, frutos rojos, caramelo<\/h3>\n\n\n\n<h3 class=\"wp-block-heading has-medium-font-size\" style=\"font-style:normal;font-weight:400\"><strong>Tueste:<\/strong> Medio alto<\/h3>\n\n\n\n<h3 class=\"wp-block-heading has-medium-font-size\" style=\"font-style:normal;font-weight:400\"><strong>Acidez:<\/strong> Media<\/h3>\n\n\n\n<h3 class=\"wp-block-heading has-medium-font-size\" style=\"font-style:normal;font-weight:400\"><strong>Aroma:<\/strong> Chocolate amargo, vinoso<\/h3>\n<\/div>\n\n\n\n<hr class=\"wp-block-separator has-alpha-channel-opacity hr-border\"\/>\n\n\n\n<p style=\"font-size:1rem\"><strong>Caf\u00e9 cl\u00e1sico y elegante para quienes valoran la autenticidad.<\/strong><\/p>\n<\/div>\n\n\n\n<div class=\"wp-block-column product-line-item mx-2 my-2 clean-pricing-item py-0 px-2 is-content-justification-center is-nowrap is-layout-flex wp-container-core-column-is-layout-079bfc22 wp-block-column-is-layout-flex\" style=\"flex-basis:33.33%\">\n<div class=\"wp-block-group heading product-heading is-content-justification-center is-nowrap is-layout-flex wp-container-core-group-is-layout-94bc23d7 wp-block-group-is-layout-flex\">\n<h2 class=\"wp-block-heading fs-2\" style=\"font-style:normal;font-weight:400\">Whisky Infusionado<\/h2>\n\n\n\n<h3 class=\"wp-block-heading fs-5\" style=\"font-style:normal;font-weight:400\"><em>(Sin Alcohol)<\/em><\/h3>\n<\/div>\n\n\n\n<div class=\"is-style-default wp-swiper is-style-default\"><div class=\"wp-swiper__wrapper\"><div class=\"swiper-container swiper swiper-overflow-visible\" style=\"height:380px\" data-swiper=\"{&quot;slidesPerView&quot;:1,&quot;slidesPerGroup&quot;:1,&quot;slidesPerGroupAuto&quot;:false,&quot;slidesPerGroupSkip&quot;:0,&quot;navigation&quot;:true,&quot;pagination&quot;:{&quot;type&quot;:&quot;bullets&quot;},&quot;delay&quot;:3000,&quot;speed&quot;:500,&quot;loop&quot;:false,&quot;direction&quot;:&quot;horizontal&quot;,&quot;slidesOffsetBefore&quot;:0,&quot;slidesOffsetAfter&quot;:0,&quot;autoHeight&quot;:false,&quot;spaceBetween&quot;:0,&quot;releaseOnEdges&quot;:false,&quot;effect&quot;:&quot;slide&quot;}\"><div class=\"swiper-wrapper\">\n<div data-tab=\"slide-1\" class=\"wp-swiper__slide swiper-slide\" style=\"background-image:url(https:\/\/www.wolnysinlimites.com\/wp-content\/uploads\/2026\/04\/340gr-whisky-web.png);background-size:cover;background-position:50% 50%\"><div class=\"wp-swiper__overlay-color\" style=\"background-color:rgba(0, 0, 0, 0)\"><\/div><div class=\"wp-swiper__slide-content\" style=\"max-width:35%\"><\/div><\/div>\n\n\n\n<div data-tab=\"slide-2\" class=\"wp-swiper__slide swiper-slide\" style=\"background-image:url(https:\/\/www.wolnysinlimites.com\/wp-content\/uploads\/2026\/04\/340gr-whisky-web2.png);background-size:cover;background-position:50% 50%\"><div class=\"wp-swiper__overlay-color\" style=\"background-color:rgba(0, 0, 0, 0)\"><\/div><div class=\"wp-swiper__slide-content\" style=\"max-width:35%\"><\/div><\/div>\n<\/div><\/div><div class=\"wp_swiper__navigation\"><div class=\"wp_swiper__navigation-container\"><div class=\"swiper-button-prev \"><\/div><div class=\"swiper-button-next \"><\/div><\/div><\/div><div class=\"swiper-pagination\"><\/div><\/div><\/div>\n\n\n\n<div class=\"wp-block-group features mt-2 is-vertical is-content-justification-left is-layout-flex wp-container-core-group-is-layout-0d4b66b7 wp-block-group-is-layout-flex\">\n<h3 class=\"wp-block-heading has-medium-font-size\" style=\"font-style:normal;font-weight:400\"><strong>Origen:<\/strong> Chinchin\u00e1, Caldas<\/h3>\n\n\n\n<h3 class=\"wp-block-heading has-medium-font-size\" style=\"font-style:normal;font-weight:400\"><strong>Altura:<\/strong> 1,600 a 1,700 m.s.n.m.<\/h3>\n\n\n\n<h3 class=\"wp-block-heading has-medium-font-size\" style=\"font-style:normal;font-weight:400\"><strong>Notas:<\/strong> Roble, vainilla, caramelo tostado<\/h3>\n\n\n\n<h3 class=\"wp-block-heading has-medium-font-size\" style=\"font-style:normal;font-weight:400\"><strong>Tueste:<\/strong> Medio alto<\/h3>\n\n\n\n<h3 class=\"wp-block-heading has-medium-font-size\" style=\"font-style:normal;font-weight:400\"><strong>Acidez:<\/strong> Media<\/h3>\n\n\n\n<h3 class=\"wp-block-heading has-medium-font-size\" style=\"font-style:normal;font-weight:400\"><strong>Aroma:<\/strong> Notas de whisky y frutos rojos<\/h3>\n<\/div>\n\n\n\n<hr class=\"wp-block-separator has-alpha-channel-opacity hr-border\"\/>\n\n\n\n<p style=\"font-size:1rem\"><strong>Esencias inspiradas en barricas de whisky que dan car\u00e1cter, profundidad y un toque de rebeld\u00eda en cada taza.<\/strong><\/p>\n<\/div>\n\n\n\n<div class=\"wp-block-column product-line-item mx-2 my-2 clean-pricing-item py-0 px-2 is-content-justification-center is-nowrap is-layout-flex wp-container-core-column-is-layout-079bfc22 wp-block-column-is-layout-flex\" style=\"flex-basis:33.33%\">\n<div class=\"wp-block-group heading product-heading is-content-justification-center is-nowrap is-layout-flex wp-container-core-group-is-layout-94bc23d7 wp-block-group-is-layout-flex\">\n<h2 class=\"wp-block-heading fs-2\" style=\"font-style:normal;font-weight:400\">Tequila Infusionado<\/h2>\n\n\n\n<h3 class=\"wp-block-heading fs-5\" style=\"font-style:normal;font-weight:400\"><em>(Sin Alcohol)<\/em><\/h3>\n<\/div>\n\n\n\n<div class=\"is-style-default wp-swiper is-style-default\"><div class=\"wp-swiper__wrapper\"><div class=\"swiper-container swiper\" style=\"height:380px\" data-swiper=\"{&quot;slidesPerView&quot;:1,&quot;slidesPerGroup&quot;:1,&quot;slidesPerGroupAuto&quot;:false,&quot;slidesPerGroupSkip&quot;:0,&quot;navigation&quot;:true,&quot;pagination&quot;:{&quot;type&quot;:&quot;bullets&quot;},&quot;delay&quot;:3000,&quot;speed&quot;:500,&quot;loop&quot;:false,&quot;direction&quot;:&quot;horizontal&quot;,&quot;slidesOffsetBefore&quot;:0,&quot;slidesOffsetAfter&quot;:0,&quot;autoHeight&quot;:false,&quot;spaceBetween&quot;:0,&quot;releaseOnEdges&quot;:false,&quot;effect&quot;:&quot;slide&quot;}\"><div class=\"swiper-wrapper\">\n<div data-tab=\"slide-1\" class=\"wp-swiper__slide swiper-slide\" style=\"background-image:url(https:\/\/www.wolnysinlimites.com\/wp-content\/uploads\/2026\/04\/340gr-tequila-web.png);background-size:cover;background-position:50% 50%\"><div class=\"wp-swiper__overlay-color\" style=\"background-color:rgba(0, 0, 0, 0)\"><\/div><div class=\"wp-swiper__slide-content\" style=\"max-width:35%\"><\/div><\/div>\n\n\n\n<div data-tab=\"slide-2\" class=\"wp-swiper__slide swiper-slide\" style=\"background-image:url(https:\/\/www.wolnysinlimites.com\/wp-content\/uploads\/2026\/04\/340gr-tequila-web2.png);background-size:cover;background-position:50% 50%\"><div class=\"wp-swiper__overlay-color\" style=\"background-color:rgba(0, 0, 0, 0)\"><\/div><div class=\"wp-swiper__slide-content\" style=\"max-width:35%\"><\/div><\/div>\n<\/div><\/div><div class=\"wp_swiper__navigation\"><div class=\"wp_swiper__navigation-container\"><div class=\"swiper-button-prev \"><\/div><div class=\"swiper-button-next \"><\/div><\/div><\/div><div class=\"swiper-pagination\"><\/div><\/div><\/div>\n\n\n\n<div class=\"wp-block-group features mt-2 is-vertical is-content-justification-left is-layout-flex wp-container-core-group-is-layout-0d4b66b7 wp-block-group-is-layout-flex\">\n<h3 class=\"wp-block-heading has-medium-font-size\" style=\"font-style:normal;font-weight:400\"><strong>Origen:<\/strong> Chinchin\u00e1, Caldas<\/h3>\n\n\n\n<h3 class=\"wp-block-heading has-medium-font-size\" style=\"font-style:normal;font-weight:400\"><strong>Altura:<\/strong> 1,600 a 1,700 m.s.n.m.<\/h3>\n\n\n\n<h3 class=\"wp-block-heading has-medium-font-size\" style=\"font-style:normal;font-weight:400\"><strong>Notas:<\/strong> Agave suave, c\u00edtricos, miel ligera<\/h3>\n\n\n\n<h3 class=\"wp-block-heading has-medium-font-size\" style=\"font-style:normal;font-weight:400\"><strong>Tueste:<\/strong> Medio alto<\/h3>\n\n\n\n<h3 class=\"wp-block-heading has-medium-font-size\" style=\"font-style:normal;font-weight:400\"><strong>Acidez:<\/strong> Media<\/h3>\n\n\n\n<h3 class=\"wp-block-heading has-medium-font-size\" style=\"font-style:normal;font-weight:400\"><strong>Aroma:<\/strong> Notas de tequila y frutos rojos<\/h3>\n<\/div>\n\n\n\n<hr class=\"wp-block-separator has-alpha-channel-opacity hr-border\"\/>\n\n\n\n<p style=\"font-size:1rem;font-style:normal;font-weight:400\"><strong>Sabor y aroma provocador, perfecto para esp\u00edritus aventureros que rompen las reglas con estilo.<\/strong><\/p>\n<\/div>\n<\/div>\n<\/div>\n","protected":false},"excerpt":{"rendered":"<p>L\u00ednea de Caf\u00e9s Premium Tradicional Gourmet Origen: Chinchin\u00e1, Caldas Altura: 1,600 a 1,700 m.s.n.m. Notas: Panela, frutos rojos, caramelo Tueste: Medio alto Acidez: Media Aroma: Chocolate amargo, vinoso Caf\u00e9 cl\u00e1sico y elegante para quienes valoran la autenticidad. Whisky Infusionado (Sin Alcohol) Origen: Chinchin\u00e1, Caldas Altura: 1,600 a 1,700 m.s.n.m. Notas: Roble, vainilla, caramelo tostado Tueste: [&hellip;]<\/p>\n","protected":false},"author":1,"featured_media":0,"parent":0,"menu_order":0,"comment_status":"closed","ping_status":"closed","template":"","meta":{"footnotes":""},"class_list":["post-404","page","type-page","status-publish","hentry"],"_links":{"self":[{"href":"https:\/\/www.wolnysinlimites.com\/index.php\/wp-json\/wp\/v2\/pages\/404","targetHints":{"allow":["GET"]}}],"collection":[{"href":"https:\/\/www.wolnysinlimites.com\/index.php\/wp-json\/wp\/v2\/pages"}],"about":[{"href":"https:\/\/www.wolnysinlimites.com\/index.php\/wp-json\/wp\/v2\/types\/page"}],"author":[{"embeddable":true,"href":"https:\/\/www.wolnysinlimites.com\/index.php\/wp-json\/wp\/v2\/users\/1"}],"replies":[{"embeddable":true,"href":"https:\/\/www.wolnysinlimites.com\/index.php\/wp-json\/wp\/v2\/comments?post=404"}],"version-history":[{"count":2,"href":"https:\/\/www.wolnysinlimites.com\/index.php\/wp-json\/wp\/v2\/pages\/404\/revisions"}],"predecessor-version":[{"id":428,"href":"https:\/\/www.wolnysinlimites.com\/index.php\/wp-json\/wp\/v2\/pages\/404\/revisions\/428"}],"wp:attachment":[{"href":"https:\/\/www.wolnysinlimites.com\/index.php\/wp-json\/wp\/v2\/media?parent=404"}],"curies":[{"name":"wp","href":"https:\/\/api.w.org\/{rel}","templated":true}]}}